110823?
3, 17, 41, 53
What are the prime factors of 22846?
2, 11423
What are the prime factors of 1625?
5, 13
What are the prime factors of 67?
67
List the prime factors of 107387.
7, 23, 29
List the prime factors of 1094.
2, 547
What are the prime factors of 4812?
2, 3, 401
List the prime factors of 23871.
3, 73, 109
List the prime factors of 2203.
2203
What are the prime factors of 4791?
3, 1597
What are the prime factors of 85527?
3, 13, 17, 43
List the prime factors of 28615.
5, 59, 97
What are the prime factors of 488?
2, 61
List the prime factors of 2058.
2, 3, 7
What are the prime factors of 2315?
5, 463
List the prime factors of 14916.
2, 3, 11, 113
List the prime factors of 14049.
3, 7, 223
List the prime factors of 348.
2, 3, 29
What are the prime factors of 37341?
3, 461
List the prime factors of 177.
3, 59
List the prime factors of 10838.
2, 5419
List the prime factors of 5442.
2, 3, 907
What are the prime factors of 2134?
2, 11, 97
List the prime factors of 96.
2, 3
What are the prime factors of 1879?
1879
List the prime factors of 38950.
2, 5, 19, 41
List the prime factors of 12895.
5, 2579
List the prime factors of 3608.
2, 11, 41
List the prime factors of 329.
7, 47
What are the prime factors of 2808?
2, 3, 13
List the prime factors of 1557.
3, 173
List the prime factors of 2890.
2, 5, 17
What are the prime factors of 791?
7, 113
List the prime factors of 2497.
11, 227
What are the prime factors of 3439?
19, 181
What are the prime factors of 945?
3, 5, 7
What are the prime factors of 10579?
71, 149
What are the prime factors of 30218?
2, 29, 521
What are the prime factors of 525?
3, 5, 7
List the prime factors of 95495.
5, 71, 269
List the prime factors of 209.
11, 19
What are the prime factors of 15341?
23, 29
What are the prime factors of 11229?
3, 19, 197
What are the prime factors of 946?
2, 11, 43
What are the prime factors of 4701?
3, 1567
List the prime factors of 1063.
1063
What are the prime factors of 101665?
5, 20333
What are the prime factors of 52043?
71, 733
What are the prime factors of 1135?
5, 227
What are the prime factors of 160490?
2, 5, 11, 1459
List the prime factors of 39666.
2, 3, 11, 601
What are the prime factors of 500?
2, 5
List the prime factors of 3004.
2, 751
List the prime factors of 9080.
2, 5, 227
List the prime factors of 954.
2, 3, 53
List the prime factors of 14378.
2, 7, 13, 79
List the prime factors of 7377.
3, 2459
What are the prime factors of 348?
2, 3, 29
List the prime factors of 2239.
2239
What are the prime factors of 576?
2, 3
What are the prime factors of 40067?
103, 389
List the prime factors of 1351.
7, 193
List the prime factors of 4134.
2, 3, 13, 53
What are the prime factors of 37639?
7, 19, 283
List the prime factors of 2856.
2, 3, 7, 17
What are the prime factors of 14696?
2, 11, 167
List the prime factors of 31800.
2, 3, 5, 53
List the prime factors of 4024.
2, 503
What are the prime factors of 912?
2, 3, 19
List the prime factors of 8943.
3, 11, 271
What are the prime factors of 989?
23, 43
What are the prime factors of 4232?
2, 23
List the prime factors of 80184.
2, 3, 13, 257
List the prime factors of 13385.
5, 2677
List the prime factors of 303.
3, 101
List the prime factors of 8363.
8363
What are the prime factors of 2643?
3, 881
What are the prime factors of 52551?
3, 5839
What are the prime factors of 3585?
3, 5, 239
List the prime factors of 5328.
2, 3, 37
List the prime factors of 1210.
2, 5, 11
List the prime factors of 111927.
3, 37309
What are the prime factors of 943?
23, 41
List the prime factors of 20976.
2, 3, 19, 23
List the prime factors of 6107.
31, 197
List the prime factors of 490.
2, 5, 7
What are the prime factors of 629?
17, 37
List the prime factors of 2892.
2, 3, 241
List the prime factors of 977.
977
What are the prime factors of 12433?
12433
What are the prime factors of 21762?
2, 3, 13, 31
What are the prime factors of 3515?
5, 19, 37
What are the prime factors of 4353?
3, 1451
List the prime factors of 1526.
2, 7, 109
List the prime factors of 1784.
2, 223
What are the prime factors of 6685?
5, 7, 191
What are the prime factors of 61746?
2, 3, 41, 251
What are the prime factors of 2303?
7, 47
List the prime factors of 24635.
5, 13, 379
List the prime factors of 32099.
32099
What are the prime factors of 23870?
2, 5, 7, 11, 31
List the prime factors of 5203.
11, 43
List the prime factors of 4158.
2, 3, 7, 11
What are the prime factors of 955?
5, 191
What are the prime factors of 1936?
2, 11
List the prime factors of 2909.
2909
List the prime factors of 2196.
2, 3, 61
List the prime factors of 26248.
2, 17, 193
List the prime factors of 1454.
2, 727
What are the prime factors of 115?
5, 23
List the prime factors of 87843.
3, 7, 47, 89
What are the prime factors of 36478?
2, 13, 23, 61
List the prime factors of 9076.
2, 2269
List the prime factors of 5281.
5281
List the prime factors of 622.
2, 311
List the prime factors of 620.
2, 5, 31
List the prime factors of 16913.
13, 1301
List the prime factors of 26858.
2, 13, 1033
What are the prime factors of 7671?
3, 2557
List the prime factors of 174138.
2, 3, 29023
List the prime factors of 5292.
2, 3, 7
List the prime factors of 78721.
78721
List the prime factors of 111842.
2, 55921
List the prime factors of 7553.
7, 13, 83
List the prime factors of 8147.
8147
List the prime factors of 16672.
2, 521
List the prime factors of 41063.
11, 3733
What are the prime factors of 228?
2, 3, 19
What are the prime factors of 40897?
40897
What are the prime factors of 2793?
3, 7, 19
List the prime factors of 4159.
4159
What are the prime factors of 375?
3, 5
List the prime factors of 35520.
2, 3, 5, 37
What are the prime factors of 27752?
2, 3469
List the prime factors of 2742.
2, 3, 457
What are the prime factors of 28009?
37, 757
List the prime factors of 24322.
2, 12161
What are the prime factors of 3773?
7, 11
What are the prime factors of 6637?
6637
List the prime factors of 5134.
2, 17, 151
What are the prime factors of 69807?
3, 23269
What are the prime factors of 51681?
3, 7, 23, 107
What are the prime factors of 56255?
5, 11251
What are the prime factors of 2686?
2, 17, 79
List the prime factors of 775.
5, 31
What are the prime factors of 23001?
3, 11, 17, 41
What are the prime factors of 3187?
3187
What are the prime factors of 5232?
2, 3, 109
List the prime factors of 170135.
5, 7, 4861
List the prime factors of 116.
2, 29
What are the prime factors of 591?
3, 197
List the prime factors of 10466.
2, 5233
List the prime factors of 1306.
2, 653
List the prime factors of 7046.
2, 13, 271
List the prime factors of 24251.
24251
What are the prime factors of 8134?
2, 7, 83
What are the prime factors of 4910?
2, 5, 491
What are the prime factors of 20692?
2, 7, 739
What are the prime factors of 1815?
3, 5, 11
What are the prime factors of 11475?
3, 5, 17
What are the prime factors of 49449?
3, 53, 311
List the prime factors of 1511.
1511
List the prime factors of 163242.
2, 3, 3023
What are the prime factors of 12847?
29, 443
What are the prime factors of 5312?
2, 83
What are the prime factors of 2792?
2, 349
What are the prime factors of 455?
5, 7, 13
List the prime factors of 13419.
3, 7, 71
List the prime factors of 186.
2, 3, 31
List the prime factors of 396.
2, 3, 11
What are the prime factors of 32871?
3, 10957
List the prime factors of 386.
2, 193
List the prime factors of 4101.
3, 1367
What are the prime factors of 9986?
2, 4993
List the prime factors of 9301.
71, 131
What are the prime factors of 12872?
2, 1609
What are the prime factors of 2346?
2, 3, 17, 23
List the prime factors of 104738.
2, 52369
List the prime factors of 144902.
2, 53, 1367
List the prime factors of 445.
5, 89
List the prime factors of 7629.
3, 2543
What are the prime factors of 2800?
2, 5, 7
What are the prime factors of 11602?
2, 5801
What are the prime factors of 2515?
5, 503
What are the prime factors of 1231?
1231
List the prime factors of 103959.
3, 11551
List the prime factors of 1405.
5, 281
What are the prime factors of 703?
19, 37
What are the prime factors of 4708?
2, 11, 107
List the prime factors of 920.
2, 5, 23
What are the prime factors of 1066?
2, 13, 41
What are the prime factors of 285?
3, 5, 19
List t